{"id":2004,"date":"2020-05-29T05:28:08","date_gmt":"2020-05-29T05:28:08","guid":{"rendered":"https:\/\/eltron.bolvo.com\/demo2\/?page_id=2004"},"modified":"2022-04-20T22:29:35","modified_gmt":"2022-04-20T22:29:35","slug":"sobre","status":"publish","type":"page","link":"https:\/\/africa.inovolt.pt\/?page_id=2004","title":{"rendered":"Sobre n\u00f3s"},"content":{"rendered":"\t\t<div data-elementor-type=\"wp-page\" data-elementor-id=\"2004\" class=\"elementor elementor-2004\">\n\t\t\t\t\t\t\t\t\t<section class=\"elementor-section elementor-top-section elementor-element elementor-element-9f4e4f1 elementor-section-full_width elementor-section-height-default elementor-section-height-default\" data-id=\"9f4e4f1\" data-element_type=\"section\">\n\t\t\t\t\t\t<div class=\"elementor-container elementor-column-gap-no\">\n\t\t\t\t\t<div class=\"elementor-column elementor-col-100 elementor-top-column elementor-element elementor-element-6dbb2c6\" data-id=\"6dbb2c6\" data-element_type=\"column\">\n\t\t\t<div class=\"elementor-widget-wrap elementor-element-populated\">\n\t\t\t\t\t\t\t\t<section class=\"elementor-section elementor-inner-section elementor-element elementor-element-d8094f1 elementor-section-boxed elementor-section-height-default elementor-section-height-default\" data-id=\"d8094f1\" data-element_type=\"section\">\n\t\t\t\t\t\t<div class=\"elementor-container elementor-column-gap-default\">\n\t\t\t\t\t<div class=\"elementor-column elementor-col-50 elementor-inner-column elementor-element elementor-element-a5271eb\" data-id=\"a5271eb\" data-element_type=\"column\" data-settings=\"{&quot;background_background&quot;:&quot;slideshow&quot;,&quot;background_slideshow_gallery&quot;:[{&quot;id&quot;:2677,&quot;url&quot;:&quot;https:\\\/\\\/africa.inovolt.pt\\\/wp-content\\\/uploads\\\/2021\\\/04\\\/bg-sec-04.png&quot;}],&quot;background_slideshow_loop&quot;:&quot;yes&quot;,&quot;background_slideshow_slide_duration&quot;:5000,&quot;background_slideshow_slide_transition&quot;:&quot;fade&quot;,&quot;background_slideshow_transition_duration&quot;:500}\">\n\t\t\t<div class=\"elementor-widget-wrap elementor-element-populated\">\n\t\t\t\t\t\t\t\t<div class=\"elementor-element elementor-element-0f091d8 elementor-widget elementor-widget-heading\" data-id=\"0f091d8\" data-element_type=\"widget\" data-widget_type=\"heading.default\">\n\t\t\t\t<div class=\"elementor-widget-container\">\n\t\t\t<h4 class=\"elementor-heading-title elementor-size-default\">Quem somos<\/h4>\t\t<\/div>\n\t\t\t\t<\/div>\n\t\t\t\t<div class=\"elementor-element elementor-element-4681a2d elementor-widget elementor-widget-heading\" data-id=\"4681a2d\" data-element_type=\"widget\" data-widget_type=\"heading.default\">\n\t\t\t\t<div class=\"elementor-widget-container\">\n\t\t\t<h2 class=\"elementor-heading-title elementor-size-default\"><b>EMPRESA CERTIFICADA EM ENERGIAS RENOV\u00c1VEIS<\/b><\/h2>\t\t<\/div>\n\t\t\t\t<\/div>\n\t\t\t\t<div class=\"elementor-element elementor-element-d261ad6 elementor-widget elementor-widget-text-editor\" data-id=\"d261ad6\" data-element_type=\"widget\" data-widget_type=\"text-editor.default\">\n\t\t\t\t<div class=\"elementor-widget-container\">\n\t\t\t\t\t\t\t<p><b>INOVOLT<\/b> \u00e9 uma empresa da era da<br \/>descarboniza\u00e7\u00e3o da economia, desenvolvendo<br \/>projetos de produ\u00e7\u00e3o de energia renov\u00e1vel<br \/>combinadas com solu\u00e7\u00f5es de armazenamento.<\/p><p>De A a Z trabalhamos com Governos e<br \/>Investidores, promovendo o desenvolvimento<br \/>de projetos desde a identifica\u00e7\u00e3o dos<br \/>terrenos, contratualiza\u00e7\u00e3o, financiamento e<br \/>desenvolvimento das centrais produtoras de energia.<\/p><p>Com uma oferta ampla de servi\u00e7os e knowhow<br \/>acumulado, posicion\u00e1mos a nossa \u00e1rea de<br \/>atua\u00e7\u00e3o nos continentes Europeu e Africano.<\/p>\t\t\t\t\t\t<\/div>\n\t\t\t\t<\/div>\n\t\t\t\t\t<\/div>\n\t\t<\/div>\n\t\t\t\t<div class=\"elementor-column elementor-col-50 elementor-inner-column elementor-element elementor-element-7a9e6da\" data-id=\"7a9e6da\" data-element_type=\"column\">\n\t\t\t<div class=\"elementor-widget-wrap elementor-element-populated\">\n\t\t\t\t\t\t\t\t<div class=\"elementor-element elementor-element-7534b73 elementor-widget elementor-widget-image\" data-id=\"7534b73\" data-element_type=\"widget\" data-widget_type=\"image.default\">\n\t\t\t\t<div class=\"elementor-widget-container\">\n\t\t\t\t\t\t\t\t\t\t\t\t\t\t\t<img loading=\"lazy\" decoding=\"async\" width=\"1010\" height=\"1010\" src=\"https:\/\/africa.inovolt.pt\/wp-content\/uploads\/2021\/04\/3-fotod.jpg\" class=\"attachment-large size-large\" alt=\"\" srcset=\"https:\/\/africa.inovolt.pt\/wp-content\/uploads\/2021\/04\/3-fotod.jpg 1010w, https:\/\/africa.inovolt.pt\/wp-content\/uploads\/2021\/04\/3-fotod-300x300.jpg 300w, https:\/\/africa.inovolt.pt\/wp-content\/uploads\/2021\/04\/3-fotod-150x150.jpg 150w, https:\/\/africa.inovolt.pt\/wp-content\/uploads\/2021\/04\/3-fotod-768x768.jpg 768w\" sizes=\"auto, (max-width: 1010px) 100vw, 1010px\" \/>\t\t\t\t\t\t\t\t\t\t\t\t\t\t\t<\/div>\n\t\t\t\t<\/div>\n\t\t\t\t\t<\/div>\n\t\t<\/div>\n\t\t\t\t\t\t\t<\/div>\n\t\t<\/section>\n\t\t\t\t\t<\/div>\n\t\t<\/div>\n\t\t\t\t\t\t\t<\/div>\n\t\t<\/section>\n\t\t\t\t<section class=\"elementor-section elementor-top-section elementor-element elementor-element-d4cfec0 elementor-section-boxed elementor-section-height-default elementor-section-height-default\" data-id=\"d4cfec0\" data-element_type=\"section\">\n\t\t\t\t\t\t<div class=\"elementor-container elementor-column-gap-default\">\n\t\t\t\t\t<div class=\"elementor-column elementor-col-100 elementor-top-column elementor-element elementor-element-b0010b8\" data-id=\"b0010b8\" data-element_type=\"column\">\n\t\t\t<div class=\"elementor-widget-wrap elementor-element-populated\">\n\t\t\t\t\t\t\t\t<div class=\"elementor-element elementor-element-c3af3b5 elementor-widget elementor-widget-progress\" data-id=\"c3af3b5\" data-element_type=\"widget\" data-widget_type=\"progress.default\">\n\t\t\t\t<div class=\"elementor-widget-container\">\n\t\t\t\n\t\t<div class=\"elementor-progress-wrapper\" role=\"progressbar\" aria-valuemin=\"0\" aria-valuemax=\"100\" aria-valuenow=\"100\" aria-valuetext=\"&lt;h4 style=&quot;color:white;&quot;&gt;1Gw - Eastern Africa&lt;\/h4&gt;\">\n\t\t\t<div class=\"elementor-progress-bar\" data-max=\"100\">\n\t\t\t\t<span class=\"elementor-progress-text\"><h4 style=\"color:white;\">1Gw - Eastern Africa<\/h4><\/span>\n\t\t\t\t\t\t\t<\/div>\n\t\t<\/div>\n\t\t\t\t<\/div>\n\t\t\t\t<\/div>\n\t\t\t\t<div class=\"elementor-element elementor-element-49b6ebb elementor-widget elementor-widget-progress\" data-id=\"49b6ebb\" data-element_type=\"widget\" data-widget_type=\"progress.default\">\n\t\t\t\t<div class=\"elementor-widget-container\">\n\t\t\t\n\t\t<div class=\"elementor-progress-wrapper\" role=\"progressbar\" aria-valuemin=\"0\" aria-valuemax=\"100\" aria-valuenow=\"100\" aria-valuetext=\"&lt;h4 style=&quot;color:white;&quot;&gt;1Gw - Central Africa&lt;\/h4&gt;\">\n\t\t\t<div class=\"elementor-progress-bar\" data-max=\"100\">\n\t\t\t\t<span class=\"elementor-progress-text\"><h4 style=\"color:white;\">1Gw - Central Africa<\/h4><\/span>\n\t\t\t\t\t\t\t<\/div>\n\t\t<\/div>\n\t\t\t\t<\/div>\n\t\t\t\t<\/div>\n\t\t\t\t<div class=\"elementor-element elementor-element-4e44b18 elementor-widget elementor-widget-progress\" data-id=\"4e44b18\" data-element_type=\"widget\" data-widget_type=\"progress.default\">\n\t\t\t\t<div class=\"elementor-widget-container\">\n\t\t\t\n\t\t<div class=\"elementor-progress-wrapper\" role=\"progressbar\" aria-valuemin=\"0\" aria-valuemax=\"100\" aria-valuenow=\"100\" aria-valuetext=\"&lt;h4 style=&quot;color:white;&quot;&gt;1Gw - Portugal&lt;\/h4&gt;\">\n\t\t\t<div class=\"elementor-progress-bar\" data-max=\"100\">\n\t\t\t\t<span class=\"elementor-progress-text\"><h4 style=\"color:white;\">1Gw - Portugal<\/h4><\/span>\n\t\t\t\t\t\t\t<\/div>\n\t\t<\/div>\n\t\t\t\t<\/div>\n\t\t\t\t<\/div>\n\t\t\t\t\t<\/div>\n\t\t<\/div>\n\t\t\t\t\t\t\t<\/div>\n\t\t<\/section>\n\t\t\t\t\t\t\t<\/div>\n\t\t","protected":false},"excerpt":{"rendered":"<p>Quem somos EMPRESA CERTIFICADA EM ENERGIAS RENOV\u00c1VEIS INOVOLT \u00e9 uma empresa da era dadescarboniza\u00e7\u00e3o da economia, desenvolvendoprojetos de produ\u00e7\u00e3o de energia renov\u00e1velcombinadas com solu\u00e7\u00f5es de armazenamento. De A a Z trabalhamos com Governos eInvestidores, promovendo o desenvolvimentode projetos desde a identifica\u00e7\u00e3o dosterrenos, contratualiza\u00e7\u00e3o, financiamento edesenvolvimento das centrais produtoras de energia. Com uma oferta ampla de&hellip;<\/p>\n","protected":false},"author":1,"featured_media":0,"parent":0,"menu_order":0,"comment_status":"closed","ping_status":"closed","template":"page-templates\/page-builder.php","meta":{"footnotes":""},"class_list":["post-2004","page","type-page","status-publish","hentry"],"_links":{"self":[{"href":"https:\/\/africa.inovolt.pt\/index.php?rest_route=\/wp\/v2\/pages\/2004","targetHints":{"allow":["GET"]}}],"collection":[{"href":"https:\/\/africa.inovolt.pt\/index.php?rest_route=\/wp\/v2\/pages"}],"about":[{"href":"https:\/\/africa.inovolt.pt\/index.php?rest_route=\/wp\/v2\/types\/page"}],"author":[{"embeddable":true,"href":"https:\/\/africa.inovolt.pt\/index.php?rest_route=\/wp\/v2\/users\/1"}],"replies":[{"embeddable":true,"href":"https:\/\/africa.inovolt.pt\/index.php?rest_route=%2Fwp%2Fv2%2Fcomments&post=2004"}],"version-history":[{"count":34,"href":"https:\/\/africa.inovolt.pt\/index.php?rest_route=\/wp\/v2\/pages\/2004\/revisions"}],"predecessor-version":[{"id":2683,"href":"https:\/\/africa.inovolt.pt\/index.php?rest_route=\/wp\/v2\/pages\/2004\/revisions\/2683"}],"wp:attachment":[{"href":"https:\/\/africa.inovolt.pt\/index.php?rest_route=%2Fwp%2Fv2%2Fmedia&parent=2004"}],"curies":[{"name":"wp","href":"https:\/\/api.w.org\/{rel}","templated":true}]}}