{"id":1914,"date":"2020-05-28T01:50:34","date_gmt":"2020-05-28T01:50:34","guid":{"rendered":"https:\/\/eltron.bolvo.com\/demo2\/?page_id=1914"},"modified":"2021-04-30T10:19:46","modified_gmt":"2021-04-30T10:19:46","slug":"home","status":"publish","type":"page","link":"https:\/\/africa.inovolt.pt\/","title":{"rendered":"Home"},"content":{"rendered":"\t\t<div data-elementor-type=\"wp-page\" data-elementor-id=\"1914\" class=\"elementor elementor-1914\">\n\t\t\t\t\t\t\t\t\t<section class=\"elementor-section elementor-top-section elementor-element elementor-element-e562b60 elementor-section-boxed elementor-section-height-default elementor-section-height-default\" data-id=\"e562b60\" data-element_type=\"section\">\n\t\t\t\t\t\t<div class=\"elementor-container elementor-column-gap-default\">\n\t\t\t\t\t<div class=\"elementor-column elementor-col-100 elementor-top-column elementor-element elementor-element-8f22add\" data-id=\"8f22add\" data-element_type=\"column\">\n\t\t\t<div class=\"elementor-widget-wrap elementor-element-populated\">\n\t\t\t\t\t\t\t\t<div class=\"elementor-element elementor-element-37da11d elementor-widget elementor-widget-shortcode\" data-id=\"37da11d\" data-element_type=\"widget\" data-widget_type=\"shortcode.default\">\n\t\t\t\t<div class=\"elementor-widget-container\">\n\t\t\t\t\t<div class=\"elementor-shortcode\"><\/div>\n\t\t\t\t<\/div>\n\t\t\t\t<\/div>\n\t\t\t\t\t<\/div>\n\t\t<\/div>\n\t\t\t\t\t\t\t<\/div>\n\t\t<\/section>\n\t\t\t\t<section class=\"elementor-section elementor-top-section elementor-element elementor-element-47ec4c4 elementor-section-full_width elementor-section-height-default elementor-section-height-default\" data-id=\"47ec4c4\" data-element_type=\"section\">\n\t\t\t\t\t\t<div class=\"elementor-container elementor-column-gap-no\">\n\t\t\t\t\t<div class=\"elementor-column elementor-col-100 elementor-top-column elementor-element elementor-element-4735834\" data-id=\"4735834\" data-element_type=\"column\">\n\t\t\t<div class=\"elementor-widget-wrap elementor-element-populated\">\n\t\t\t\t\t\t\t\t<div class=\"elementor-element elementor-element-5ff212b elementor-widget elementor-widget-ucaddon_featuressection\" data-id=\"5ff212b\" data-element_type=\"widget\" data-widget_type=\"ucaddon_featuressection.default\">\n\t\t\t\t<div class=\"elementor-widget-container\">\n\t\t\t<!-- start Features Section -->\n\n\t\t\t<!-- Start of Features section -->\n\t<section id=\"features\" class=\"features-section position-relative\" data-background=\"https:\/\/africa.inovolt.pt\/wp-content\/uploads\/2021\/04\/bg_section-scaled.jpg\">\n\t\t<div class=\"background_overlay\"><\/div>\n\t\t<div class=\"container\">\n\t\t\t<div class=\"section-title-middle text-center\">\n\t\t\t\t<span class=\"title-tag\">\n\t\t\t\t\t<img decoding=\"async\" src=\"https:\/\/africa.inovolt.pt\/wp-content\/uploads\/2021\/04\/icon-wht.png\"  alt=\"\">\n\t\t\t\t\t<h4 style=\"color:white;\">Fonte de energia<\/h4>\n\t\t\t\t<\/span>\n\t\t\t\t<h2>POR UM FUTURO MELHOR<\/h2>\n\t\t\t<\/div>\n\t\t\t<!-- \/title -->\n\t\t\t<div class=\"features-content\">\n\t\t\t\t<div class=\"row\">\n\t\t\t\t\t<div class=\"col-lg-4 col-md-6\">\n\t<div class=\"features-icon-text text-center position-relative\">\n\t\t<div class=\"features-icon\">\n\t\t\t<img decoding=\"async\" src=\"https:\/\/africa.inovolt.pt\/wp-content\/uploads\/2021\/04\/missao.png\"  alt=\"\">\n\t\t<\/div>\n\t\t<div class=\"features-text headline pera-content\">\n\t\t\t<h3>Miss\u00e3o<\/h3>\n\t\t\t<p>Promover a DESCARBONIZA\u00c7\u00c3O da economia\natrav\u00e9s da TRANSI\u00c7\u00c3O ENERG\u00c9TICA PARA\nAS ENERGIA RENOV\u00c1VEIS visando contribuir\ncom as metas do acordo de Paris, atingindo a\nNEUTRALIDADE CARB\u00d3NICA EM 2050.<\/p>\n\t\t<\/div>\n\t\t<div class=\"features-hover-content\">\n\t\t\t<div class=\"fh-icon-bg\">\n\t\t\t\t<img decoding=\"async\" src=\"https:\/\/africa.inovolt.pt\/wp-content\/uploads\/2021\/04\/missao.png\"  alt=\"\">\n\t\t\t<\/div>\n\t\t\t<div class=\"features-hover-text headline pera-content\">\n\t\t\t\t<h3>Miss\u00e3o<\/h3>\n\t\t\t\t<p>Promover a DESCARBONIZA\u00c7\u00c3O da economia\natrav\u00e9s da TRANSI\u00c7\u00c3O ENERG\u00c9TICA PARA\nAS ENERGIA RENOV\u00c1VEIS visando contribuir\ncom as metas do acordo de Paris, atingindo a\nNEUTRALIDADE CARB\u00d3NICA EM 2050.<\/p>\n              \t\t\t<\/div>\n\t\t<\/div>\n\t<\/div>\n<\/div>\n<div class=\"col-lg-4 col-md-6\">\n\t<div class=\"features-icon-text text-center position-relative\">\n\t\t<div class=\"features-icon\">\n\t\t\t<img decoding=\"async\" src=\"https:\/\/africa.inovolt.pt\/wp-content\/uploads\/2021\/04\/valores.png\"  alt=\"\">\n\t\t<\/div>\n\t\t<div class=\"features-text headline pera-content\">\n\t\t\t<h3>Valores<\/h3>\n\t\t\t<p>Determina\u00e7\u00e3o, Compromisso, Confian\u00e7a,\nTalento, Transpar\u00eancia e \u00c9tica nos neg\u00f3cios.<\/p>\n\t\t<\/div>\n\t\t<div class=\"features-hover-content\">\n\t\t\t<div class=\"fh-icon-bg\">\n\t\t\t\t<img decoding=\"async\" src=\"https:\/\/africa.inovolt.pt\/wp-content\/uploads\/2021\/04\/valores.png\"  alt=\"\">\n\t\t\t<\/div>\n\t\t\t<div class=\"features-hover-text headline pera-content\">\n\t\t\t\t<h3>Valores<\/h3>\n\t\t\t\t<p>Determina\u00e7\u00e3o, Compromisso, Confian\u00e7a,\nTalento, Transpar\u00eancia e \u00c9tica nos neg\u00f3cios.<\/p>\n              \t\t\t<\/div>\n\t\t<\/div>\n\t<\/div>\n<\/div>\n<div class=\"col-lg-4 col-md-6\">\n\t<div class=\"features-icon-text text-center position-relative\">\n\t\t<div class=\"features-icon\">\n\t\t\t<img decoding=\"async\" src=\"https:\/\/africa.inovolt.pt\/wp-content\/uploads\/2021\/04\/visao.png\"  alt=\"\">\n\t\t<\/div>\n\t\t<div class=\"features-text headline pera-content\">\n\t\t\t<h3>Vis\u00e3o<\/h3>\n\t\t\t<p>Contribuir com solu\u00e7\u00f5es inovadoras e de\ngrande qualidade na produ\u00e7\u00e3o de eletricidade\na partir das energias renov\u00e1veis, com projetos\nconcretizados com grande efici\u00eancia e rigor, e\nmuito reduzido impacto ambiental.<\/p>\n\t\t<\/div>\n\t\t<div class=\"features-hover-content\">\n\t\t\t<div class=\"fh-icon-bg\">\n\t\t\t\t<img decoding=\"async\" src=\"https:\/\/africa.inovolt.pt\/wp-content\/uploads\/2021\/04\/visao.png\"  alt=\"\">\n\t\t\t<\/div>\n\t\t\t<div class=\"features-hover-text headline pera-content\">\n\t\t\t\t<h3>Vis\u00e3o<\/h3>\n\t\t\t\t<p>Contribuir com solu\u00e7\u00f5es inovadoras e de\ngrande qualidade na produ\u00e7\u00e3o de eletricidade\na partir das energias renov\u00e1veis, com projetos\nconcretizados com grande efici\u00eancia e rigor, e\nmuito reduzido impacto ambiental.<\/p>\n              \t\t\t<\/div>\n\t\t<\/div>\n\t<\/div>\n<\/div>\n\n\t\t\t\t<\/div>\n\t\t\t<\/div>\n\t\t<\/div>\n\t<\/section>\n<!-- End of Features section -->\n\t\t\t<!-- end Features Section -->\t\t<\/div>\n\t\t\t\t<\/div>\n\t\t\t\t\t<\/div>\n\t\t<\/div>\n\t\t\t\t\t\t\t<\/div>\n\t\t<\/section>\n\t\t\t\t\t\t\t<\/div>\n\t\t","protected":false},"excerpt":{"rendered":"<p>Fonte de energia POR UM FUTURO MELHOR Miss\u00e3o Promover a DESCARBONIZA\u00c7\u00c3O da economia atrav\u00e9s da TRANSI\u00c7\u00c3O ENERG\u00c9TICA PARA AS ENERGIA RENOV\u00c1VEIS visando contribuir com as metas do acordo de Paris, atingindo a NEUTRALIDADE CARB\u00d3NICA EM 2050. Miss\u00e3o Promover a DESCARBONIZA\u00c7\u00c3O da economia atrav\u00e9s da TRANSI\u00c7\u00c3O ENERG\u00c9TICA PARA AS ENERGIA RENOV\u00c1VEIS visando contribuir com as metas&hellip;<\/p>\n","protected":false},"author":1,"featured_media":0,"parent":0,"menu_order":0,"comment_status":"closed","ping_status":"closed","template":"elementor_header_footer","meta":{"footnotes":""},"class_list":["post-1914","page","type-page","status-publish","hentry"],"_links":{"self":[{"href":"https:\/\/africa.inovolt.pt\/index.php?rest_route=\/wp\/v2\/pages\/1914","targetHints":{"allow":["GET"]}}],"collection":[{"href":"https:\/\/africa.inovolt.pt\/index.php?rest_route=\/wp\/v2\/pages"}],"about":[{"href":"https:\/\/africa.inovolt.pt\/index.php?rest_route=\/wp\/v2\/types\/page"}],"author":[{"embeddable":true,"href":"https:\/\/africa.inovolt.pt\/index.php?rest_route=\/wp\/v2\/users\/1"}],"replies":[{"embeddable":true,"href":"https:\/\/africa.inovolt.pt\/index.php?rest_route=%2Fwp%2Fv2%2Fcomments&post=1914"}],"version-history":[{"count":73,"href":"https:\/\/africa.inovolt.pt\/index.php?rest_route=\/wp\/v2\/pages\/1914\/revisions"}],"predecessor-version":[{"id":2670,"href":"https:\/\/africa.inovolt.pt\/index.php?rest_route=\/wp\/v2\/pages\/1914\/revisions\/2670"}],"wp:attachment":[{"href":"https:\/\/africa.inovolt.pt\/index.php?rest_route=%2Fwp%2Fv2%2Fmedia&parent=1914"}],"curies":[{"name":"wp","href":"https:\/\/api.w.org\/{rel}","templated":true}]}}